 - -121. Suppose 2*r - 65 = r. Suppose 6*l - l - r = 0. Calculate the remainder when m is divided by l.
12
Let g = -666 - -691. Let f(m) = 8*m**3 + 2*m**2 - m + 2. What is the remainder when f(2) is divided by g?
22
Let d(a) = -a**2 + 6*a. Let k be (-2 - -5) + (6 - 4). What is the remainder when 7 is divided by d(k)?
2
Suppose -4*n - 17 + 1 = 0. What is the remainder when ((-24)/(-30))/(n/(-70)) is divided by 5?
4
Suppose -3*c - 2 = -35. Let j = -13 + 18. Suppose -6*y + 2*y - o + 75 = 0, 0 = y - j*o - 45. What is the remainder when y is divided by c?
9
Let y be (-3 - (-2 + 0))*-22. Suppose -y = 2*d - 4*d. Calculate the remainder when d is divided by 6.
5
Suppose 6*j - 3*j - 186 = 0. Calculate the remainder when j is divided by 17.
11
Let u(w) = 2*w**2 + 7*w + 5. Calculate the remainder when 77 is divided by u(-5).
17
Suppose -5*k - 44 = 61. What is the remainder when k/12*8*-1 is divided by 9?
5
Let m(l) = l + 28. What is the remainder when m(-13) is divided by 6?
3
Let l(h) = -7*h - 1 + h**2 + h - 4. Suppose 0 = 2*a - 7*a + 35. Calculate the remainder when l(a) is divided by 1.
0
Suppose -4*x + 46 = 2*u, 0 = 3*u - 4*x + 3*x - 69. What is the remainder when u is divided by (-2)/6 - (-259)/21?
11
Let v(u) = 7*u - 11. Let w(q) = q - 1. Let n(l) = v(l) - 6*w(l). Calculate the remainder when 31 is divided by n(13).
7
Suppose 4*p + 4 + 0 = 0. Calculate the remainder when 38 is divided by (0 - p)/((-4)/(-52)).
12
Let q = 7 - 4. Suppose -c + 5*c = -32. What is the remainder when (c/(-12))/((-2)/(-33)) is divided by q?
2
Let d = 20 - 11. Suppose 0 = -4*o + 4*u + 18 - 2, -u = -5*o + 28. Calculate the remainder when d is divided by o.
3
Suppose 4*r - 2*p - 240 = 0, 0 = -3*r - 4*p + 130 + 39. Let w(k) = k**3 + 7*k**2 + 7*k + 5. Calculate the remainder when r is divided by w(-5).
19
Suppose 4*a - 88 = 164. What is the remainder when a is divided by 16?
15
Suppose -4 = -j - 0*j. Suppose 8 = -4*a - 3*f + 2*f, 3*a = 3*f - 6. What is the remainder when 13 is divided by ((-5)/a)/(2/j)?
3
Let g = 0 + 0. Let p be g + 2 - 2*1. Let k = 3 - p. What is the remainder when 4 is divided by k?
1
Let v be ((-14)/3)/(6/(-9)). Suppose -4*s + v - 3 = -4*l, -13 = -2*l - s. What is the remainder when l is divided by 3?
1
Let d = -46 - -80. Calculate the remainder when d is divided by 9.
7
Suppose 0 = -3*i + 57 - 24. What is the remainder when 2 - 1 - 30/(-1) is divided by i?
9
Suppose -49 = 2*g - 133. Calculate the remainder when 164 is divided by g.
38
Let g(i) = -i**2 + 10*i + 14. Let b be g(11). What is the remainder when 13 is divided by (1 - b)/((-1)/2)?
1
Suppose -2*j = -4*k - 3*j + 12, 3*j + 12 = 4*k. Calculate the remainder when (-28)/k*21/(-7) is divided by 15.
13
Let v = 0 - -6. Let r = -1 + -3. What is the remainder when (-39)/r - 2/(-8) is divided by v?
4
Let t(i) = -7*i - 17. Calculate the remainder when 32 is divided by t(-4).
10
Let j = 0 - -5. Suppose -4*l + j = -3*l. Suppose -2*n + n = -l*m - 26, -5*n + 3*m + 86 = 0. Calculate the remainder when 30 is divided by n.
14
Suppose -12*o = -4*o - 88. What is the remainder when 42 is divided by o?
9
Let w = 6 - 3. Suppose r + 74 = w*r. What is the remainder when r is divided by 10?
7
Let x be (-10)/(-55) + (-26)/22. Let p(w) = 46*w**2 + w. What is the remainder when p(x) is divided by 16?
13
Let q be (1 - -2) + 3/3. Suppose 5*v = 0, 5*s - q*v = 4*s + 7. What is the remainder when s is divided by 4?
3
Let a(u) = u**3 + 6*u**2 - 6*u + 4. Suppose -b + 38 = f - 36, 0 = 2*b + 5*f - 160. Let h be 5*7/(b/(-12)). What is the remainder when a(h) is divided by 14?
12
Let a = -3 + 2. What is the remainder when 31 is divided by a/4 + 45/4?
9
Suppose 4*s - 40 - 148 = 0. Let k = 4 + -1. Suppose 3*o = -g - 0*o + 13, 5*g = k*o + 83. Calculate the remainder when s is divided by g.
15
Suppose q - 7*q = -132. Calculate the remainder when 40 is divided by q.
18
Let t = -82 + 100. Calculate the remainder when 161 is divided by t.
17
Suppose 3*d - 2*f = 5, 5*d - 4*f = -0*d + 7. Suppose -n - d*s + 42 = 1, -2*s - 56 = -n. What is the remainder when n is divided by 17?
16
Let i(b) = b + 10. Let x be i(-8). Suppose -x*d + 22 = -5*q - 24, q + 20 = d. What is the remainder when 34 is divided by d?
16
Let t = 3 + 6. Suppose 2*y - 116 = -5*i, 2*i - 64 = y - 14. What is the remainder when i is divided by t?
6
Suppose -555 = -4*u - 2*c + 7*c, 0 = -c + 5. What is the remainder when u is divided by 37?
34
Suppose 3*w + 5*l = -2*w - 5, 2*w + l - 1 = 0. Suppose 8*h = -w*k + 3*h - 19, k + 17 = -5*h. What is the remainder when k/1*7/(-2) is divided by 4?
3
Suppose 0 = 2*o - 21 + 7. Let t be -4*(-1)/2 + 4. Suppose 4*p = 2*z + 44, 0*p + t = p - 3*z. Calculate the remainder when p is divided by o.
5
Suppose -y + 11 = -5*h, -h = -4*y - 6*h + 19. Let a(f) = -f**2 + 8*f - 8. What is the remainder when y is divided by a(6)?
2
Let p = 116 - 80. Calculate the remainder when p is divided by 13.
10
Let u(g) be the first derivative of g**3/3 + 2*g**2 - 7*g + 2. Let t be u(-5). What is the remainder when t/3*258/(-4) is divided by 15?
13
Suppose 2*l + 2*v - 17 = l, v - 56 = -3*l. Let r = -6 + 10. Suppose 3*q - 26 = 4*o, 2*o + 11 + 27 = r*q. What is the remainder when l is divided by q?
9
Suppose 0 = -m + 188 - 41. Calculate the remainder when m is divided by 25.
22
Let c be -7*(18/(-21) - 0). Suppose -t - t + c = 0. Suppose 4*p + m = -3*m + 32, 4*m = p - t. Calculate the remainder when 20 is divided by p.
6
Suppose -186 = -2*k - 0*k. What is the remainder when k is divided by 20?
13
Let n(y) = -y**2 + 4*y + 3. Let f(i) = -2*i - 3. Let t be f(-3). What is the remainder when n(t) is divided by 3?
0
Let h(g) = -g**2 - 23*g - 33. Calculate the remainder when 47 is divided by h(-21).
2
Let k = -4 + 19. Suppose 3*y = 5*g + 2, -5*y + 0*g - 4*g + 65 = 0. Calculate the remainder when k is divided by y.
6
Let z = -12 - -8. Calculate the remainder when 24 is divided by (-37)/z - 6/24.
6
Let t = 63 + -6. Let n = t - 29. Let f(u) = -u + 15. Calculate the remainder when n is divided by f(0).
13
Let u(s) = s - 6. Let m be u(8). Let v = 33 - m. What is the remainder when v is divided by 16?
15
Let j = 6 + -4. Suppose -3*p - 3*t = j*p - 175, -p = -4*t - 35. Calculate the remainder when p is divided by 9.
8
Suppose -5*t = -0*t. Suppose t = 5*a - 0*a - 220. Let w = -9 + a. Calculate the remainder when w is divided by 18.
17
Let u(p) = -3*p**3 - 2*p**2 - 2*p - 2. What is the remainder when 88 is divided by u(-2)?
16
Let i be (-26)/8*(-48)/6. Suppose -2*l = -0*l - 66. Calculate the remainder when l is divided by (-1)/(-3) + i/3.
6
Let v = -61 - -138. Calculate the remainder when v is divided by 20.
17
Let d(n) = -n**3 - 4*n**2 + 3*n + 4. Suppose 3*t + 18 = 3*q, t - 3*q = 6*t + 30. Calculate the remainder when d(t) is divided by 20.
18
Suppose 2*p + 2*p = 20. Suppose -3*c = 20 - p. Let m = -3 - c. What is the remainder when 5 is divided by m?
1
Let f = 199 - 138. What is the remainder when f is divided by 9?
7
Suppose -5*d + 7*d - 6 = 0. Calculate the remainder when 11 is divided by d.
2
Suppose -m + 180 = 9*m. What is the remainder when 68 is divided by m?
14
What is the remainder when (56/40)/((-2)/(-230)) is divided by 18?
17
Let d = 2 - -3. Let r(c) = -c**2 + 6*c. Calculate the remainder when r(d) is divided by 2.
1
Let b = 42 + 29. What is the remainder when b is divided by 9?
8
Let m be (0 - -2)*(-3)/(-6). Suppose -m + 8 = g. Calculate the remainder when 20 is divided by g.
6
Let q(p) = -p - 1. Let y be ((-2)/2)/((-4)/92). Suppose 0 = -2*a + 3*w + y, -2*a + 0*w = 3*w - 41. What is the remainder when a is divided by q(-7)?
4
Let n = -44 - -72. Suppose -a - 20 = 5*q, 2*a + 5*q = q - n. Calculate the remainder when 5/(-25) - 12/a is divided by 1.
0
Let r be (-2)/7 + (-132)/(-21). Suppose -4*l = -r*l + 20. Calculate the remainder when 38 is divided by l.
8
What is the remainder when 29 is divided by (0 - (-4)/8)*32?
13
Let q = 107 + -21. Calculate the remainder when q is divided by 22.
20
Let r(k) = k + 80. Calculate the remainder when r(-18) is divided by 3.
2
Suppose -a - 3 = 0, -5*d + 0*a - 2*a = -19. Let r be (3 - d)*(-5)/2. Suppose -r*k = -4*k - 43. What is the remainder when k is divided by 15?
13
Let g = -2 + 20. Let b be 1356/15 + (-3)/(-5). Let l = b + -38. What is the re